{"id":57,"date":"2017-08-03T15:47:05","date_gmt":"2017-08-03T13:47:05","guid":{"rendered":"http:\/\/institut-christus-koenig.de\/diozese-basel\/?page_id=57"},"modified":"2020-11-06T12:24:31","modified_gmt":"2020-11-06T11:24:31","slug":"le-noirmont","status":"publish","type":"page","link":"https:\/\/institut-christus-koenig.de\/diozese-basel\/apostolate\/le-noirmont\/","title":{"rendered":"Le Noirmont"},"content":{"rendered":"\n<h1 class=\"has-text-align-center wp-block-heading\">Le Noirmont<\/h1>\n\n\n\n<h2 class=\"wp-block-heading\">Verantwortlicher Priester<\/h2>\n\n\n\n<p><strong>Kanonikus de la Pinti\u00e8re<\/strong><\/p>\n\n\n\n<p>E-Mail: chn.delapintiere@icrsp.org<\/p>\n\n\n\n<h2 class=\"wp-block-heading\">Standort &amp; Kontakt<\/h2>\n\n\n\n<figure class=\"wp-block-table\"><table><tbody><tr><td><strong>Adresse:<\/strong><\/td><td>Haus vom Eucharistischen Herzen Jesu<br>Les C\u00f4tes,<br>CH-2340 Le Noirmont<\/td><\/tr><tr><td><strong>Telefon:<\/strong><\/td><td>&nbsp;+41 (0) 329.532.127<\/td><\/tr><\/tbody><\/table><\/figure>\n\n\n\n<h3 class=\"wp-block-heading\">Messe Seiten &amp; Liturgie Plan<\/h3>\n\n\n\n<p><strong>Am Sonntag<\/strong> hl. Messe um 10.00 Uhr, Vesper und Sakramentaler Segen um 17.30 Uhr, Komplet um 21.00 Uhr.<\/p>\n\n\n\n<p><strong>Montags<\/strong> hl. Messe um 18.00 Uhr,<\/p>\n\n\n\n<p><strong>Dienstags bis freitags<\/strong> Laudes um 7.30 Uhr, hl. Messe um 8.00 Uhr, Sext um 12.40 Uhr, Vesper um 18.00 Uhr, Komplet um 21.00 Uhr.<\/p>\n\n\n\n<p><strong>Samstags<\/strong> hl. Messe um 18.00 Uhr, Sext um 12.40 Uhr, Vesper um 18.30 Uhr.<\/p>\n\n\n\n<p><strong>Unter der Woche,<\/strong> <strong>au\u00dfer montags<\/strong>, Aussetzung nach der hl. Messe und Einsetzung des Allerheiligsten Altarsakramentes mit Segen nach der Komplet um 21.00 Uhr.<\/p>\n","protected":false},"excerpt":{"rendered":"<p>Le Noirmont Verantwortlicher Priester Kanonikus de la Pinti\u00e8re E-Mail: chn.delapintiere@icrsp.org Standort &amp; Kontakt Adresse: Haus vom Eucharistischen Herzen JesuLes C\u00f4tes,CH-2340 Le Noirmont Telefon: &nbsp;+41 (0) 329.532.127 Messe Seiten &amp; Liturgie Plan Am Sonntag hl. Messe um 10.00 Uhr, Vesper und Sakramentaler Segen um 17.30 Uhr, Komplet um 21.00 Uhr. Montags hl. Messe um 18.00 Uhr, &#8230; <a title=\"Le Noirmont\" class=\"read-more\" href=\"https:\/\/institut-christus-koenig.de\/diozese-basel\/apostolate\/le-noirmont\/\" aria-label=\"Mehr Informationen \u00fcber Le Noirmont\">Weiterlesen<\/a><\/p>\n","protected":false},"author":1,"featured_media":0,"parent":42,"menu_order":1,"comment_status":"closed","ping_status":"closed","template":"","meta":{"footnotes":"","_links_to":"","_links_to_target":""},"class_list":["post-57","page","type-page","status-publish"],"yoast_head":"<!-- This site is optimized with the Yoast SEO plugin v27.4 - https:\/\/yoast.com\/product\/yoast-seo-wordpress\/ -->\n<title>Le Noirmont - Das Institut in der Di\u00f6zese Basel<\/title>\n<meta name=\"robots\" content=\"index, follow, max-snippet:-1, max-image-preview:large, max-video-preview:-1\" \/>\n<link rel=\"canonical\" href=\"https:\/\/institut-christus-koenig.de\/diozese-basel\/apostolate\/le-noirmont\/\" \/>\n<meta property=\"og:locale\" content=\"de_DE\" \/>\n<meta property=\"og:type\" content=\"article\" \/>\n<meta property=\"og:title\" content=\"Le Noirmont - Das Institut in der Di\u00f6zese Basel\" \/>\n<meta property=\"og:description\" content=\"Le Noirmont Verantwortlicher Priester Kanonikus de la Pinti\u00e8re E-Mail: chn.delapintiere@icrsp.org Standort &amp; Kontakt Adresse: Haus vom Eucharistischen Herzen JesuLes C\u00f4tes,CH-2340 Le Noirmont Telefon: &nbsp;+41 (0) 329.532.127 Messe Seiten &amp; Liturgie Plan Am Sonntag hl. Messe um 10.00 Uhr, Vesper und Sakramentaler Segen um 17.30 Uhr, Komplet um 21.00 Uhr. Montags hl. Messe um 18.00 Uhr, ... Weiterlesen\" \/>\n<meta property=\"og:url\" content=\"https:\/\/institut-christus-koenig.de\/diozese-basel\/apostolate\/le-noirmont\/\" \/>\n<meta property=\"og:site_name\" content=\"Das Institut in der Di\u00f6zese Basel\" \/>\n<meta property=\"article:modified_time\" content=\"2020-11-06T11:24:31+00:00\" \/>\n<meta name=\"twitter:card\" content=\"summary_large_image\" \/>\n<meta name=\"twitter:label1\" content=\"Gesch\u00e4tzte Lesezeit\" \/>\n\t<meta name=\"twitter:data1\" content=\"1\u00a0Minute\" \/>\n<script type=\"application\/ld+json\" class=\"yoast-schema-graph\">{\"@context\":\"https:\\\/\\\/schema.org\",\"@graph\":[{\"@type\":\"WebPage\",\"@id\":\"https:\\\/\\\/institut-christus-koenig.de\\\/diozese-basel\\\/apostolate\\\/le-noirmont\\\/\",\"url\":\"https:\\\/\\\/institut-christus-koenig.de\\\/diozese-basel\\\/apostolate\\\/le-noirmont\\\/\",\"name\":\"Le Noirmont - Das Institut in der Di\u00f6zese Basel\",\"isPartOf\":{\"@id\":\"https:\\\/\\\/institut-christus-koenig.de\\\/diozese-basel\\\/#website\"},\"datePublished\":\"2017-08-03T13:47:05+00:00\",\"dateModified\":\"2020-11-06T11:24:31+00:00\",\"breadcrumb\":{\"@id\":\"https:\\\/\\\/institut-christus-koenig.de\\\/diozese-basel\\\/apostolate\\\/le-noirmont\\\/#breadcrumb\"},\"inLanguage\":\"de\",\"potentialAction\":[{\"@type\":\"ReadAction\",\"target\":[\"https:\\\/\\\/institut-christus-koenig.de\\\/diozese-basel\\\/apostolate\\\/le-noirmont\\\/\"]}]},{\"@type\":\"BreadcrumbList\",\"@id\":\"https:\\\/\\\/institut-christus-koenig.de\\\/diozese-basel\\\/apostolate\\\/le-noirmont\\\/#breadcrumb\",\"itemListElement\":[{\"@type\":\"ListItem\",\"position\":1,\"name\":\"Startseite\",\"item\":\"https:\\\/\\\/institut-christus-koenig.de\\\/diozese-basel\\\/\"},{\"@type\":\"ListItem\",\"position\":2,\"name\":\"Apostolate\",\"item\":\"https:\\\/\\\/institut-christus-koenig.de\\\/diozese-basel\\\/basel\\\/\"},{\"@type\":\"ListItem\",\"position\":3,\"name\":\"Le Noirmont\"}]},{\"@type\":\"WebSite\",\"@id\":\"https:\\\/\\\/institut-christus-koenig.de\\\/diozese-basel\\\/#website\",\"url\":\"https:\\\/\\\/institut-christus-koenig.de\\\/diozese-basel\\\/\",\"name\":\"Das Institut in der Di\u00f6zese Basel\",\"description\":\"Eine weitere Institut Christus K\u00f6nig Websites Website\",\"publisher\":{\"@id\":\"https:\\\/\\\/institut-christus-koenig.de\\\/diozese-basel\\\/#organization\"},\"potentialAction\":[{\"@type\":\"SearchAction\",\"target\":{\"@type\":\"EntryPoint\",\"urlTemplate\":\"https:\\\/\\\/institut-christus-koenig.de\\\/diozese-basel\\\/?s={search_term_string}\"},\"query-input\":{\"@type\":\"PropertyValueSpecification\",\"valueRequired\":true,\"valueName\":\"search_term_string\"}}],\"inLanguage\":\"de\"},{\"@type\":\"Organization\",\"@id\":\"https:\\\/\\\/institut-christus-koenig.de\\\/diozese-basel\\\/#organization\",\"name\":\"Das Institut in der Di\u00f6zese Basel\",\"url\":\"https:\\\/\\\/institut-christus-koenig.de\\\/diozese-basel\\\/\",\"logo\":{\"@type\":\"ImageObject\",\"inLanguage\":\"de\",\"@id\":\"https:\\\/\\\/institut-christus-koenig.de\\\/diozese-basel\\\/#\\\/schema\\\/logo\\\/image\\\/\",\"url\":\"https:\\\/\\\/institut-christus-koenig.de\\\/diozese-basel\\\/wp-content\\\/uploads\\\/sites\\\/5\\\/2020\\\/04\\\/CoatofArms2018VertexImagec.png\",\"contentUrl\":\"https:\\\/\\\/institut-christus-koenig.de\\\/diozese-basel\\\/wp-content\\\/uploads\\\/sites\\\/5\\\/2020\\\/04\\\/CoatofArms2018VertexImagec.png\",\"width\":148,\"height\":180,\"caption\":\"Das Institut in der Di\u00f6zese Basel\"},\"image\":{\"@id\":\"https:\\\/\\\/institut-christus-koenig.de\\\/diozese-basel\\\/#\\\/schema\\\/logo\\\/image\\\/\"}}]}<\/script>\n<!-- \/ Yoast SEO plugin. -->","yoast_head_json":{"title":"Le Noirmont - Das Institut in der Di\u00f6zese Basel","robots":{"index":"index","follow":"follow","max-snippet":"max-snippet:-1","max-image-preview":"max-image-preview:large","max-video-preview":"max-video-preview:-1"},"canonical":"https:\/\/institut-christus-koenig.de\/diozese-basel\/apostolate\/le-noirmont\/","og_locale":"de_DE","og_type":"article","og_title":"Le Noirmont - Das Institut in der Di\u00f6zese Basel","og_description":"Le Noirmont Verantwortlicher Priester Kanonikus de la Pinti\u00e8re E-Mail: chn.delapintiere@icrsp.org Standort &amp; Kontakt Adresse: Haus vom Eucharistischen Herzen JesuLes C\u00f4tes,CH-2340 Le Noirmont Telefon: &nbsp;+41 (0) 329.532.127 Messe Seiten &amp; Liturgie Plan Am Sonntag hl. Messe um 10.00 Uhr, Vesper und Sakramentaler Segen um 17.30 Uhr, Komplet um 21.00 Uhr. Montags hl. Messe um 18.00 Uhr, ... Weiterlesen","og_url":"https:\/\/institut-christus-koenig.de\/diozese-basel\/apostolate\/le-noirmont\/","og_site_name":"Das Institut in der Di\u00f6zese Basel","article_modified_time":"2020-11-06T11:24:31+00:00","twitter_card":"summary_large_image","twitter_misc":{"Gesch\u00e4tzte Lesezeit":"1\u00a0Minute"},"schema":{"@context":"https:\/\/schema.org","@graph":[{"@type":"WebPage","@id":"https:\/\/institut-christus-koenig.de\/diozese-basel\/apostolate\/le-noirmont\/","url":"https:\/\/institut-christus-koenig.de\/diozese-basel\/apostolate\/le-noirmont\/","name":"Le Noirmont - Das Institut in der Di\u00f6zese Basel","isPartOf":{"@id":"https:\/\/institut-christus-koenig.de\/diozese-basel\/#website"},"datePublished":"2017-08-03T13:47:05+00:00","dateModified":"2020-11-06T11:24:31+00:00","breadcrumb":{"@id":"https:\/\/institut-christus-koenig.de\/diozese-basel\/apostolate\/le-noirmont\/#breadcrumb"},"inLanguage":"de","potentialAction":[{"@type":"ReadAction","target":["https:\/\/institut-christus-koenig.de\/diozese-basel\/apostolate\/le-noirmont\/"]}]},{"@type":"BreadcrumbList","@id":"https:\/\/institut-christus-koenig.de\/diozese-basel\/apostolate\/le-noirmont\/#breadcrumb","itemListElement":[{"@type":"ListItem","position":1,"name":"Startseite","item":"https:\/\/institut-christus-koenig.de\/diozese-basel\/"},{"@type":"ListItem","position":2,"name":"Apostolate","item":"https:\/\/institut-christus-koenig.de\/diozese-basel\/basel\/"},{"@type":"ListItem","position":3,"name":"Le Noirmont"}]},{"@type":"WebSite","@id":"https:\/\/institut-christus-koenig.de\/diozese-basel\/#website","url":"https:\/\/institut-christus-koenig.de\/diozese-basel\/","name":"Das Institut in der Di\u00f6zese Basel","description":"Eine weitere Institut Christus K\u00f6nig Websites Website","publisher":{"@id":"https:\/\/institut-christus-koenig.de\/diozese-basel\/#organization"},"potentialAction":[{"@type":"SearchAction","target":{"@type":"EntryPoint","urlTemplate":"https:\/\/institut-christus-koenig.de\/diozese-basel\/?s={search_term_string}"},"query-input":{"@type":"PropertyValueSpecification","valueRequired":true,"valueName":"search_term_string"}}],"inLanguage":"de"},{"@type":"Organization","@id":"https:\/\/institut-christus-koenig.de\/diozese-basel\/#organization","name":"Das Institut in der Di\u00f6zese Basel","url":"https:\/\/institut-christus-koenig.de\/diozese-basel\/","logo":{"@type":"ImageObject","inLanguage":"de","@id":"https:\/\/institut-christus-koenig.de\/diozese-basel\/#\/schema\/logo\/image\/","url":"https:\/\/institut-christus-koenig.de\/diozese-basel\/wp-content\/uploads\/sites\/5\/2020\/04\/CoatofArms2018VertexImagec.png","contentUrl":"https:\/\/institut-christus-koenig.de\/diozese-basel\/wp-content\/uploads\/sites\/5\/2020\/04\/CoatofArms2018VertexImagec.png","width":148,"height":180,"caption":"Das Institut in der Di\u00f6zese Basel"},"image":{"@id":"https:\/\/institut-christus-koenig.de\/diozese-basel\/#\/schema\/logo\/image\/"}}]}},"_links":{"self":[{"href":"https:\/\/institut-christus-koenig.de\/diozese-basel\/wp-json\/wp\/v2\/pages\/57","targetHints":{"allow":["GET"]}}],"collection":[{"href":"https:\/\/institut-christus-koenig.de\/diozese-basel\/wp-json\/wp\/v2\/pages"}],"about":[{"href":"https:\/\/institut-christus-koenig.de\/diozese-basel\/wp-json\/wp\/v2\/types\/page"}],"author":[{"embeddable":true,"href":"https:\/\/institut-christus-koenig.de\/diozese-basel\/wp-json\/wp\/v2\/users\/1"}],"replies":[{"embeddable":true,"href":"https:\/\/institut-christus-koenig.de\/diozese-basel\/wp-json\/wp\/v2\/comments?post=57"}],"version-history":[{"count":8,"href":"https:\/\/institut-christus-koenig.de\/diozese-basel\/wp-json\/wp\/v2\/pages\/57\/revisions"}],"predecessor-version":[{"id":139,"href":"https:\/\/institut-christus-koenig.de\/diozese-basel\/wp-json\/wp\/v2\/pages\/57\/revisions\/139"}],"up":[{"embeddable":true,"href":"https:\/\/institut-christus-koenig.de\/diozese-basel\/wp-json\/wp\/v2\/pages\/42"}],"wp:attachment":[{"href":"https:\/\/institut-christus-koenig.de\/diozese-basel\/wp-json\/wp\/v2\/media?parent=57"}],"curies":[{"name":"wp","href":"https:\/\/api.w.org\/{rel}","templated":true}]}}